 2*w = 4*y + 26. Let m = -6 - y. Let t(r) = r**3 + r**2 + r + 9. Determine t(m).
9
Let s(q) = -q**2 + 2*q + 1. Let v be (-342)/(-66) - (-2)/(-11). Let f = 5 - 2. Suppose -2*o + 18 = -v*j + 5, -12 = -f*o + 5*j. Calculate s(o).
-2
Let w be 6 + (-4)/1*(-5)/(-10). Let r(v) = 1893 - 1892 + 8*v + w*v. What is r(-2)?
-23
Let j(r) be the third derivative of r**8/6720 + r**7/360 + r**6/144 - r**5/60 - r**4/6 + 20*r**2. Let z(h) be the second derivative of j(h). Give z(-6).
4
Let b(d) be the third derivative of d**8/6720 - d**7/504 - 7*d**6/720 + d**5/60 - d**4/12 - 11*d**2. Let n(g) be the second derivative of b(g). What is n(6)?
-4
Let u(y) = 5 - y**2 + 4 - 8*y + 9 - 17. Calculate u(-7).
8
Let o be 0/(1 + -1 + 1). Suppose o = 4*w - 2*v - 3 + 1, w + 2*v = 8. Let h(i) = 3*i + 0*i - w*i. Determine h(3).
3
Let n(t) = 5*t**2 + 1 - 6*t**2 + 2*t + 2*t**2 + 0. Suppose 3*j = -2*x + 2*j + 25, -2*x + 2*j = -10. Let h be (-4 - -9)*(-4)/x. Determine n(h).
1
Let j(f) = -f**2 - 3*f - 6. Suppose -3*w - 6 = 3*c - 3, 5*c - 4*w + 50 = 0. Let p be c/(-2)*(-4)/3. Determine j(p).
-10
Let v(z) = -4*z**3 - 1 - 7*z + 15*z**3 - 10*z**3 + 3 + 3*z**2. Determine v(-5).
-13
Let b(f) = -f**3 - 5*f**2 - 5*f + 2. Let v be b(-4). Suppose 2*j + v = -4. Let p(x) = 7*x - 19. Let t(y) = -4*y + 9. Let z(h) = j*t(h) - 3*p(h). Give z(5).
7
Let q(f) = f**3 - 18*f**2 - f + 9. Suppose -3*o = 2*k - 23 - 33, o - 4*k - 14 = 0. Give q(o).
-9
Let s(v) = -2*v**2 + 21*v - 28. Let k be s(9). Let g(h) = -7*h**3 + h. What is g(k)?
6
Let d(o) be the second derivative of o**7/840 - o**6/60 - o**5/30 + 3*o**4/8 - 11*o**3/6 - 15*o. Let c(h) be the second derivative of d(h). Calculate c(6).
-15
Let f(k) = -23*k + 3. Let c(h) = 98*h - 13. Let m(d) = -6*c(d) - 26*f(d). Let n = 0 + 1. Calculate m(n).
10
Suppose -4 - 11 = -3*s. Let x(z) = z - 4. Determine x(s).
1
Let a(z) = 29*z**3. Suppose -5*l + 102 = 107. What is a(l)?
-29
Let h(i) = i**2 - 2*i. Let a(s) = -6*s + 4. Let f be a(0). What is h(f)?
8
Let y(a) be the second derivative of -a**4/12 + a**3/3 + a**2 + a. Let k be (-3 - (2 - 1)) + 10. Suppose 37 = 3*q + 5*l, 0 = 3*q + k*l - 11*l + 13. Give y(q).
-6
Let m(n) = 14*n**3 + 11*n**2 - 9*n + 9. Let k(d) = 5*d**3 + 4*d**2 - 3*d + 3. Let o(z) = -17*k(z) + 6*m(z). Calculate o(2).
-19
Let n(b) = -b**3 + 4*b**2 + 5*b + 6. Suppose f = 61 + 82. Let o be (-4)/(-22) + 9412/f. Let y be 114/22 + (-12)/o. Calculate n(y).
6
Let d = -4 + 3. Let b = d + 2. Let t(a) = -87*a**3 - 3 + 3 + 2*a - 3*a + a**2 + 88*a**3. Give t(b).
1
Let i(q) = -2 + 2 - 2 + 1 - 1 - q. What is i(-1)?
-1
Suppose m + 5 = l, 5*l = 3*m - 8 + 33. Suppose 3*o + 4*p + p = 30, o - l*p = -10. Let u(w) = -w**3 + o*w - 4*w - 19*w**2 + 4*w + 3 + 16*w**2. What is u(-4)?
-1
Let k(f) = 3*f**2 + 15*f + 2. Let w(x) = x**2 + 12*x - 5. Let t be w(0). What is k(t)?
2
Let m(p) = 0 - 2 + 3*p + 0 + 1. Determine m(6).
17
Let a be -1 + 1 + -1 + 3. Let t(q) = a*q + q + q**3 - q. Suppose -6*m + 8 = -10*m. What is t(m)?
-12
Let g(j) = 2*j - 6*j**2 + j**3 + 1 - 2 - j. Suppose -151 = -4*h + 45. Let z = h - 43. What is g(z)?
5
Let z(a) be the first derivative of -3*a**2/2 + 3*a + 7. Let d(s) = 4*s - 5. Let y(l) = 5*d(l) + 7*z(l). Give y(-7).
3
Let n(d) = d**3 - 3*d**2 - 5*d + 5. Suppose -12 + 28 = 4*s. Let t be n(s). Let y(i) = 4*i**3 + 2*i**2 - i. Let w be y(t). Let f(j) = 2*j - 1. Determine f(w).
9
Let i(a) = -a**3 - 5*a**2 - 4*a - 5. Let o be 1/2 + -9 + (-99)/(-22). Give i(o).
-5
Let q(l) = -2*l - 3. Let b be q(-4). Let t(c) be the third derivative of -c**6/120 + c**5/15 + c**4/8 + c**3/6 + 12*c**2. Determine t(b).
-9
Let l = -108 - -112. Let b(v) = -v - 2. Let n(s) = -3*s + 5. Let k(h) = l*b(h) - n(h). Determine k(-6).
-7
Let n be 1/((-4)/14 + 18/112). Let s(q) = 15*q**2 + 6*q - 5. Let f(g) = -10*g**2 - 4*g + 3. Let a(z) = n*f(z) - 5*s(z). Determine a(-1).
4
Suppose -u = 11*u - 528. Let n = u + -48. Let q(w) = -w**3 - 4*w**2 - w - 1. Give q(n).
3
Let v = -12 + 17. Let k(d) = 5*d**2 + 6*d. Let y(t) = 4*t**2 + 6*t. Suppose -4 - 16 = 4*a. Let n(c) = a*k(c) + 6*y(c). Calculate n(v).
5
Suppose 19 = 4*g + 5*s, -g + 4*s - 11 = -0*g. Let d(q) = -3 - 2*q + 0 + 2. Give d(g).
-3
Let i(n) = -n**2 - 8*n - 5. Suppose -56*p - 112 = -40*p. What is i(p)?
2
Let z(r) = -r**3 - 7*r**2 - 15*r. Let t be z(-3). Let d(w) = w**2 - 8*w - 6. Calculate d(t).
3
Let s(h) be the second derivative of h**4/12 + 5*h**3/3 + 11*h**2/2 - 65*h. Calculate s(-9).
2
Let w(v) = -v. Let j(x) = -x - 1. Let m(u) = 5*u - 2. Suppose -5*i + 4*i = -1. Let b(l) = i*m(l) + j(l). Let p(k) = -b(k) - 6*w(k). Calculate p(-2).
-1
Let y(h) = 5*h. Let m(v) = -49*v. Let i be (-8)/(-10) - 6/(-30). Let q be (3 - i - -1) + -5. Let t(x) = q*m(x) - 21*y(x). Give t(1).
-7
Let l = 10 + -17. Suppose -5 - 4 = -3*f. Let x(t) = t + 1. Let b(z) = -z**2 - 4*z + 1. Let u(y) = f*x(y) - b(y). Determine u(l).
2
Suppose l + 2*a - 4 = 0, 2*l + 0*l + 2*a = 16. Let h(f) = f**3 - 13*f**2 + 13*f - 7. Let d be h(l). Let j(r) = -r**2 + 4*r - 4. Calculate j(d).
-9
Let p(m) = -5 + 0 - m**3 - m**2 - 6*m + 7*m**2. Let a = 2768 + -2763. Calculate p(a).
-10
Let i(o) = -o**3 + 5*o**2 - 2. Let q(l) = -l**3 + 5*l**2 + 8*l - 8. Let a be q(6). Suppose -15 = -a*p + p. Calculate i(p).
-2
Let r(s) = 2*s + 12. Let d(w) = -2*w**2 - 5*w + 17. Let c be d(-5). What is r(c)?
-4
Suppose -4*h - 4*n = 36, 3*n + 1 + 2 = 3*h. Let b be (-6 - -2)/(h/6). Let a(t) = t**3 + 7 + 3*t - 3*t**2 - 4*t**2 - 5*t + t**2. Give a(b).
-5
Let a be 8 + 39 + (-1 - -1). Suppose a*q = 50*q - 3. Let y(d) be the second derivative of -4*d**3/3 - d**2/2 - d. Determine y(q).
-9
Let c(n) be the second derivative of n**5/10 - n**4/6 - 3*n**2/2 - 90*n. Calculate c(2).
5
Suppose -b - 5*j = 4*b + 15, -3*b - 4*j = 8. Let w(p) = 3*p + 9. Determine w(b).
-3
Let b(i) = -6*i - 1. Let q(y) = 8*y + 1. Let g(w) = 6*b(w) + 5*q(w). Suppose -6 = -4*h + h. Give g(h).
7
Let l(s) = -s**2 + 10*s + 4. Let x be l(9). Let b(h) = -h + x*h**2 + h**3 + 9*h**2 - 19*h**2 + 3. Calculate b(-4).
-9
Let c(g) = -1. Let q(b) = -6*b**2 - 14*b + 2. Let m(p) = 4*c(p) + q(p). Let v(a) = -a**2 - a - 1. Let n(j) = -m(j) + 5*v(j). Give n(-10).
7
Let p be ((-70)/21)/(6/9). Let j(z) = 2*z + 3. Let r be j(p). Let t(l) = l**2 + 10*l + 10. Give t(r).
-11
Let q(h) be the first derivative of -h**5/20 + h**3/2 - h**2 - 13*h - 2. Let n(p) be the first derivative of q(p). What is n(2)?
-4
Let l(t) be the second derivative of t**3/6 + 2*t. Let z = 73 - 44. Suppose -4*k + z - 5 = 0. Give l(k).
6
Let x(j) = -j**3 + 3*j**2 - 3*j - 1. Let z(o) be the first derivative of o**4/4 + 5*o**3 + 13*o**2/2 - 11*o - 6. Let m be z(-14). Determine x(m).
-10
Let l be 88/12 + (-2)/6. Let s(o) = -7*o**2 + 38*o - 3. Let d(i) = i**2 - 5*i + 1. Let c(a) = -6*d(a) - s(a). What is c(l)?
-10
Let k = 15 + -22. Let c = k + 8. Let p(d) = 6*d**2 + 8*d**2 - 19*d**2. Give p(c).
-5
Let v(r) be the second derivative of -2*r**3/3 + r**2 + 3*r + 26. What is v(-4)?
18
Let a(t) = t**2 + 16*t + 5. Let y(g) = -g**2 - 15*g - 6. Let f(q) = -4*a(q) - 3*y(q). Calculate f(-19).
-2
Suppose 0 = -3*v - 6, -3*v + 7 - 1 = -2*i. Let f be (-158)/(-6) - (-2)/i. Suppose -4*w - 10 = -f. Let k(d) = 2*d + 2. What is k(w)?
10
Let q = -103 - -130. Let c(x) = 26 + q - 50 - x + 0*x. What is c(-3)?
6
Let l(d) = -63*d - 48. Let h(p) = 4*p + 3. Let m(u) = -33*h(u) - 2*l(u). Give m(-2).
9
Suppose -b = -3*z + 32, z = -b - 1 + 5. Let u(h) = h**2 - 7*h - 4. Calculate u(z).
14
Let s(f) = f**2 - 1. Let b(u) be the second derivative of -u**4/3 + 3*u**2 - 4*u. Let j(r) = b(r) + 3*s(r). Give j(-3).
-6
Suppose -2*r - 4*w + 18 = 0, 5*r + 12*w = 9*w + 80. Let q(p) = p**3 + 5*p**2. Let x be q(-3). Let b = r - x. Let o(y) = -y**3 - 1. Determine o(b).
-2
Let q(i) = 3*i - 5 - 5 + i**2 + 10 + 1. Suppose 4 = -c + 2*c - l, 0 = c - 4*l - 4. Suppose 11 = -2*d - 3*p, c = 3*d + p + 17. What is q(d)?
5
Let u be 14 - (-5 + 2 + 3). Suppose -2 + u = -3*d. Let m(z) = 2*z + 13. Let i(f) = -4*f - 25. Let x(q) = d*i(q) - 7*m(q). Determine x(-6).
-3
Let s(q) = q**3 + 4*q - 9*q**3 - 4 + 7*q**3 + q**2 + 0*q**3. Determine s(2).
0
Suppose 2*q - 18 + 4 = 0. Let g(w) = -34*w**2 - 11*w - 12. Let x(b) = 27*b**2 + 10*b + 11. Let d(s) = 4*g(s) + 5*x(s). Determine d(q).
0
Let d = -7 - -5. Let x(w) be the second derivative of -w**3/2 + w**2 - 40*w + 1. Give x(